{"id":1241,"date":"2019-04-01T09:00:57","date_gmt":"2019-04-01T07:00:57","guid":{"rendered":"http:\/\/www.engstroms.se\/?page_id=1241"},"modified":"2024-09-01T18:23:02","modified_gmt":"2024-09-01T16:23:02","slug":"blogg-ny","status":"publish","type":"page","link":"http:\/\/www.engstroms.se\/","title":{"rendered":"V\u00e4lkommen till oss p\u00e5 Engstr\u00f6ms Artstudio"},"content":{"rendered":"<p style=\"text-align: center;\">Vi \u00e4r ett f\u00f6retag som jobbar som grossist samt detaljist inom Scrapbooking, Kortmakeri, Porslinsdockor, Hobbykeramik med mera.<\/p>\n<p style=\"text-align: center;\">Vi har endast webshop, kontakt via epost.<\/p>\n<p style=\"text-align: center;\">Du hittar mer information, l\u00e4nk till bloggen samt l\u00e4nkar till respektive webshop under flikarna h\u00e4r ovan. Har du n\u00e5gra funderingar s\u00e5 kan du skicka ett mail till oss p\u00e5 info@engstroms.se<\/p>\n<p style=\"text-align: center;\">\n","protected":false},"excerpt":{"rendered":"<p>Vi \u00e4r ett f\u00f6retag som jobbar som grossist samt detaljist inom Scrapbooking, Kortmakeri, Porslinsdockor, Hobbykeramik med mera. Vi har endast webshop, kontakt via epost. Du hittar mer information, l\u00e4nk till bloggen samt l\u00e4nkar till respektive webshop under flikarna h\u00e4r ovan. Har du n\u00e5gra funderingar s\u00e5 kan du skicka ett mail till oss p\u00e5 info@engstroms.se<\/p>\n","protected":false},"author":2,"featured_media":0,"parent":0,"menu_order":0,"comment_status":"closed","ping_status":"closed","template":"","meta":[],"_links":{"self":[{"href":"http:\/\/www.engstroms.se\/index.php?rest_route=\/wp\/v2\/pages\/1241"}],"collection":[{"href":"http:\/\/www.engstroms.se\/index.php?rest_route=\/wp\/v2\/pages"}],"about":[{"href":"http:\/\/www.engstroms.se\/index.php?rest_route=\/wp\/v2\/types\/page"}],"author":[{"embeddable":true,"href":"http:\/\/www.engstroms.se\/index.php?rest_route=\/wp\/v2\/users\/2"}],"replies":[{"embeddable":true,"href":"http:\/\/www.engstroms.se\/index.php?rest_route=%2Fwp%2Fv2%2Fcomments&post=1241"}],"version-history":[{"count":35,"href":"http:\/\/www.engstroms.se\/index.php?rest_route=\/wp\/v2\/pages\/1241\/revisions"}],"predecessor-version":[{"id":2548,"href":"http:\/\/www.engstroms.se\/index.php?rest_route=\/wp\/v2\/pages\/1241\/revisions\/2548"}],"wp:attachment":[{"href":"http:\/\/www.engstroms.se\/index.php?rest_route=%2Fwp%2Fv2%2Fmedia&parent=1241"}],"curies":[{"name":"wp","href":"https:\/\/api.w.org\/{rel}","templated":true}]}}